{"id":342,"date":"2024-07-06T17:20:08","date_gmt":"2024-07-06T15:20:08","guid":{"rendered":"http:\/\/pcqgdql.cluster023.hosting.ovh.net\/?page_id=342"},"modified":"2024-07-30T14:39:43","modified_gmt":"2024-07-30T12:39:43","slug":"presentation-des-sections","status":"publish","type":"page","link":"https:\/\/uavh.fr\/index.php\/presentation-des-sections\/","title":{"rendered":"Pr\u00e9sentation des sections"},"content":{"rendered":"\t\t<div data-elementor-type=\"wp-page\" data-elementor-id=\"342\" class=\"elementor elementor-342\">\n\t\t\t\t<div class=\"elementor-element elementor-element-94cadc2 e-flex e-con-boxed e-con e-parent\" data-id=\"94cadc2\" data-element_type=\"container\">\n\t\t\t\t\t<div class=\"e-con-inner\">\n\t\t\t\t<div class=\"elementor-element elementor-element-980f223 elementor-widget elementor-widget-heading\" data-id=\"980f223\" data-element_type=\"widget\" data-widget_type=\"heading.default\">\n\t\t\t\t<div class=\"elementor-widget-container\">\n\t\t\t\t\t<h2 class=\"elementor-heading-title elementor-size-default\">Nos sections<\/h2>\t\t\t\t<\/div>\n\t\t\t\t<\/div>\n\t\t\t\t\t<\/div>\n\t\t\t\t<\/div>\n\t\t<div class=\"elementor-element elementor-element-6624906 e-grid e-con-boxed e-con e-parent\" data-id=\"6624906\" data-element_type=\"container\">\n\t\t\t\t\t<div class=\"e-con-inner\">\n\t\t<div class=\"elementor-element elementor-element-2a2fc86 e-con-full e-flex e-con e-child\" data-id=\"2a2fc86\" data-element_type=\"container\">\n\t\t\t\t<div class=\"elementor-element elementor-element-c462113 elementor-widget elementor-widget-image\" data-id=\"c462113\" data-element_type=\"widget\" data-widget_type=\"image.default\">\n\t\t\t\t<div class=\"elementor-widget-container\">\n\t\t\t\t\t\t\t\t\t\t\t\t\t\t\t<img decoding=\"async\" src=\"https:\/\/uavh.fr\/wp-content\/uploads\/elementor\/thumbs\/eveil_atheltisme-qqpte8wauow6ltjzkgtvdnsu45rrszt218qmj893ug.jpg\" title=\"eveil_ath\u00e9ltisme\" alt=\"eveil_ath\u00e9ltisme\" loading=\"lazy\" \/>\t\t\t\t\t\t\t\t\t\t\t\t\t\t\t<\/div>\n\t\t\t\t<\/div>\n\t\t\t\t<div class=\"elementor-element elementor-element-d241389 elementor-align-center elementor-widget__width-auto elementor-widget elementor-widget-button\" data-id=\"d241389\" data-element_type=\"widget\" data-widget_type=\"button.default\">\n\t\t\t\t<div class=\"elementor-widget-container\">\n\t\t\t\t\t\t\t\t\t<div class=\"elementor-button-wrapper\">\n\t\t\t\t\t<a class=\"elementor-button elementor-button-link elementor-size-sm elementor-animation-shrink\" href=\"http:\/\/pcqgdql.cluster023.hosting.ovh.net\/index.php\/eveil-athletique\/\">\n\t\t\t\t\t\t<span class=\"elementor-button-content-wrapper\">\n\t\t\t\t\t\t\t\t\t<span class=\"elementor-button-text\"><span class=\"BxUVEf ILfuVd\" lang=\"fr\"><span class=\"hgKElc\"><b>\u00c9<\/b><\/span><\/span>veil Athl\u00e9tique<\/span>\n\t\t\t\t\t<\/span>\n\t\t\t\t\t<\/a>\n\t\t\t\t<\/div>\n\t\t\t\t\t\t\t\t<\/div>\n\t\t\t\t<\/div>\n\t\t\t\t<div class=\"elementor-element elementor-element-1b29a49 elementor-widget elementor-widget-text-editor\" data-id=\"1b29a49\" data-element_type=\"widget\" data-widget_type=\"text-editor.default\">\n\t\t\t\t<div class=\"elementor-widget-container\">\n\t\t\t\t\t\t\t\t\t<p>Cette section est d\u00e9di\u00e9e aux enfants ayant entre 3 ans et 11ans. Reparti dans diff\u00e9rents groupes en fonction de leur age\u00a0 nous accompagnons vos enfants dans le d\u00e9veloppement de leur motricit\u00e9 (se d\u00e9placer, se coordonner, projeter et se projeter).<\/p><p>Sous forme d&#8217;ateliers ludiques et au travers de jeux nous leur faisons d\u00e9couvrir les diff\u00e9rentes facettes de l&#8217;athl\u00e9tisme.<\/p>\t\t\t\t\t\t\t\t<\/div>\n\t\t\t\t<\/div>\n\t\t\t\t<\/div>\n\t\t<div class=\"elementor-element elementor-element-e75bf9d e-con-full e-flex e-con e-child\" data-id=\"e75bf9d\" data-element_type=\"container\">\n\t\t\t\t<div class=\"elementor-element elementor-element-bf15712 elementor-widget elementor-widget-image\" data-id=\"bf15712\" data-element_type=\"widget\" data-widget_type=\"image.default\">\n\t\t\t\t<div class=\"elementor-widget-container\">\n\t\t\t\t\t\t\t\t\t\t\t\t\t\t\t<img decoding=\"async\" src=\"https:\/\/uavh.fr\/wp-content\/uploads\/elementor\/thumbs\/Piste_img_icone-qqptdwoedufgew1qjtjpz8vue5g00xgjnk9bamr83c.png\" title=\"Piste_img_icone\" alt=\"Piste_img_icone\" loading=\"lazy\" \/>\t\t\t\t\t\t\t\t\t\t\t\t\t\t\t<\/div>\n\t\t\t\t<\/div>\n\t\t\t\t<div class=\"elementor-element elementor-element-e7be91e elementor-align-center elementor-widget__width-auto elementor-widget elementor-widget-button\" data-id=\"e7be91e\" data-element_type=\"widget\" data-widget_type=\"button.default\">\n\t\t\t\t<div class=\"elementor-widget-container\">\n\t\t\t\t\t\t\t\t\t<div class=\"elementor-button-wrapper\">\n\t\t\t\t\t<a class=\"elementor-button elementor-button-link elementor-size-sm elementor-animation-shrink\" href=\"http:\/\/pcqgdql.cluster023.hosting.ovh.net\/index.php\/piste\/\">\n\t\t\t\t\t\t<span class=\"elementor-button-content-wrapper\">\n\t\t\t\t\t\t\t\t\t<span class=\"elementor-button-text\">Piste<\/span>\n\t\t\t\t\t<\/span>\n\t\t\t\t\t<\/a>\n\t\t\t\t<\/div>\n\t\t\t\t\t\t\t\t<\/div>\n\t\t\t\t<\/div>\n\t\t\t\t<div class=\"elementor-element elementor-element-c380274 elementor-widget elementor-widget-text-editor\" data-id=\"c380274\" data-element_type=\"widget\" data-widget_type=\"text-editor.default\">\n\t\t\t\t<div class=\"elementor-widget-container\">\n\t\t\t\t\t\t\t\t\t<p>A partir de 12 ans les athl\u00e8tes peuvent pratiquer, en loisir ou en comp\u00e9tition, et \u00e0 travers nos diff\u00e9rents groupes d&#8217;entrainement, les disciplines de l&#8217;athl\u00e9tisme : sprint, sauts, lancers, demi-fond, marche athl\u00e9tique et \u00e9preuves combin\u00e9es.<\/p><p>A partir de 15 ans les athl\u00e8tes peuvent, s&#8217;ils le souhaitent, se sp\u00e9cialiser dans une discipline.<\/p>\t\t\t\t\t\t\t\t<\/div>\n\t\t\t\t<\/div>\n\t\t\t\t<\/div>\n\t\t<div class=\"elementor-element elementor-element-5fcffe9 e-con-full e-flex e-con e-child\" data-id=\"5fcffe9\" data-element_type=\"container\">\n\t\t\t\t<div class=\"elementor-element elementor-element-cc0128b elementor-widget elementor-widget-image\" data-id=\"cc0128b\" data-element_type=\"widget\" data-widget_type=\"image.default\">\n\t\t\t\t<div class=\"elementor-widget-container\">\n\t\t\t\t\t\t\t\t\t\t\t\t\t\t\t<img decoding=\"async\" src=\"https:\/\/uavh.fr\/wp-content\/uploads\/elementor\/thumbs\/photo-de-presentation-scaled-qr50u6i6glkhs4ok2tvxlxkundvio1xqmgghu13q2g.jpg\" title=\"photo de presentation\" alt=\"photo de presentation\" loading=\"lazy\" \/>\t\t\t\t\t\t\t\t\t\t\t\t\t\t\t<\/div>\n\t\t\t\t<\/div>\n\t\t\t\t<div class=\"elementor-element elementor-element-c6e1afe elementor-align-center elementor-widget__width-auto elementor-widget elementor-widget-button\" data-id=\"c6e1afe\" data-element_type=\"widget\" data-widget_type=\"button.default\">\n\t\t\t\t<div class=\"elementor-widget-container\">\n\t\t\t\t\t\t\t\t\t<div class=\"elementor-button-wrapper\">\n\t\t\t\t\t<a class=\"elementor-button elementor-button-link elementor-size-sm elementor-animation-shrink\" href=\"http:\/\/pcqgdql.cluster023.hosting.ovh.net\/index.php\/running\/\">\n\t\t\t\t\t\t<span class=\"elementor-button-content-wrapper\">\n\t\t\t\t\t\t\t\t\t<span class=\"elementor-button-text\">Running<\/span>\n\t\t\t\t\t<\/span>\n\t\t\t\t\t<\/a>\n\t\t\t\t<\/div>\n\t\t\t\t\t\t\t\t<\/div>\n\t\t\t\t<\/div>\n\t\t\t\t<div class=\"elementor-element elementor-element-8ffeb46 elementor-widget elementor-widget-text-editor\" data-id=\"8ffeb46\" data-element_type=\"widget\" data-widget_type=\"text-editor.default\">\n\t\t\t\t<div class=\"elementor-widget-container\">\n\t\t\t\t\t\t\t\t\t<p>\u00cates-vous en train de courir seul ou rencontrez-vous des difficult\u00e9s pour progresser ?<br \/>Peut-\u00eatre pensez-vous ne pas avoir le niveau pour int\u00e9grer un club ?<br \/>mais vous vous trompez ! La section running accueille les coureurs \u00e2g\u00e9s de 16 \u00e0 80 ans,<br \/>qu\u2019ils souhaitent courir en loisir ou en comp\u00e9tition. Vous partagerez vos exp\u00e9riences,<br \/>ressenti et encouragements au sein d\u2019un groupe convivial et motiv\u00e9. Enfin, vous<br \/>b\u00e9n\u00e9ficierez de l\u2019encadrement d\u2019un entra\u00eeneur dipl\u00f4m\u00e9. Cet expert vous aidera \u00e0 am\u00e9liorer<br \/>votre technique de course et planifiera vos entra\u00eenements.<\/p>\t\t\t\t\t\t\t\t<\/div>\n\t\t\t\t<\/div>\n\t\t\t\t<\/div>\n\t\t<div class=\"elementor-element elementor-element-c84c0dd e-con-full e-flex e-con e-child\" data-id=\"c84c0dd\" data-element_type=\"container\">\n\t\t\t\t<div class=\"elementor-element elementor-element-0381e73 elementor-widget elementor-widget-image\" data-id=\"0381e73\" data-element_type=\"widget\" data-widget_type=\"image.default\">\n\t\t\t\t<div class=\"elementor-widget-container\">\n\t\t\t\t\t\t\t\t\t\t\t\t\t\t\t<img decoding=\"async\" src=\"https:\/\/uavh.fr\/wp-content\/uploads\/elementor\/thumbs\/IMG-20240525-WA0004-qrv7mm72l7gtm0azrrqcj6jup5sc774500murha3zs.jpg\" title=\"IMG-20240525-WA0004\" alt=\"IMG-20240525-WA0004\" loading=\"lazy\" \/>\t\t\t\t\t\t\t\t\t\t\t\t\t\t\t<\/div>\n\t\t\t\t<\/div>\n\t\t\t\t<div class=\"elementor-element elementor-element-dcefbd0 elementor-align-center elementor-widget__width-auto elementor-widget elementor-widget-button\" data-id=\"dcefbd0\" data-element_type=\"widget\" data-widget_type=\"button.default\">\n\t\t\t\t<div class=\"elementor-widget-container\">\n\t\t\t\t\t\t\t\t\t<div class=\"elementor-button-wrapper\">\n\t\t\t\t\t<a class=\"elementor-button elementor-button-link elementor-size-sm elementor-animation-shrink\" href=\"http:\/\/pcqgdql.cluster023.hosting.ovh.net\/index.php\/marche-nordique\/\">\n\t\t\t\t\t\t<span class=\"elementor-button-content-wrapper\">\n\t\t\t\t\t\t\t\t\t<span class=\"elementor-button-text\">Marche nordique<\/span>\n\t\t\t\t\t<\/span>\n\t\t\t\t\t<\/a>\n\t\t\t\t<\/div>\n\t\t\t\t\t\t\t\t<\/div>\n\t\t\t\t<\/div>\n\t\t\t\t<div class=\"elementor-element elementor-element-753632b elementor-widget elementor-widget-text-editor\" data-id=\"753632b\" data-element_type=\"widget\" data-widget_type=\"text-editor.default\">\n\t\t\t\t<div class=\"elementor-widget-container\">\n\t\t\t\t\t\t\t\t\t<p>Accessible \u00e0 tous, la marche nordique est un sport de plein air, d\u2019endurance et a\u00e9robique qui consiste \u00e0 marcher rapidement avec des b\u00e2tons sp\u00e9cifiques qui accentue le balancier naturel des bras.<br \/>La marche nordique vous permet de vous muscler en douceur, de perdre du poids agr\u00e9ablement et de profiter de la nature entre amis dans une ambiance chaleureuse et conviviale.<\/p>\t\t\t\t\t\t\t\t<\/div>\n\t\t\t\t<\/div>\n\t\t\t\t<\/div>\n\t\t\t\t\t<\/div>\n\t\t\t\t<\/div>\n\t\t\t\t<\/div>\n\t\t","protected":false},"excerpt":{"rendered":"<p>Nos sections \u00c9veil Athl\u00e9tique Cette section est d\u00e9di\u00e9e aux enfants ayant entre 3 ans et 11ans. Reparti dans diff\u00e9rents groupes [&hellip;]<\/p>\n","protected":false},"author":1,"featured_media":0,"parent":0,"menu_order":0,"comment_status":"closed","ping_status":"closed","template":"","meta":{"_eb_attr":"","site-sidebar-layout":"no-sidebar","site-content-layout":"","ast-site-content-layout":"full-width-container","site-content-style":"default","site-sidebar-style":"default","ast-global-header-display":"","ast-banner-title-visibility":"","ast-main-header-display":"","ast-hfb-above-header-display":"","ast-hfb-below-header-display":"","ast-hfb-mobile-header-display":"","site-post-title":"disabled","ast-breadcrumbs-content":"","ast-featured-img":"disabled","footer-sml-layout":"","theme-transparent-header-meta":"","adv-header-id-meta":"","stick-header-meta":"","header-above-stick-meta":"","header-main-stick-meta":"","header-below-stick-meta":"","astra-migrate-meta-layouts":"default","ast-page-background-enabled":"default","ast-page-background-meta":{"desktop":{"background-color":"var(--ast-global-color-4)","background-image":"","background-repeat":"repeat","background-position":"center center","background-size":"auto","background-attachment":"scroll","background-type":"","background-media":"","overlay-type":"","overlay-color":"","overlay-opacity":"","overlay-gradient":""},"tablet":{"background-color":"","background-image":"","background-repeat":"repeat","background-position":"center center","background-size":"auto","background-attachment":"scroll","background-type":"","background-media":"","overlay-type":"","overlay-color":"","overlay-opacity":"","overlay-gradient":""},"mobile":{"background-color":"","background-image":"","background-repeat":"repeat","background-position":"center center","background-size":"auto","background-attachment":"scroll","background-type":"","background-media":"","overlay-type":"","overlay-color":"","overlay-opacity":"","overlay-gradient":""}},"ast-content-background-meta":{"desktop":{"background-color":"var(--ast-global-color-5)","background-image":"","background-repeat":"repeat","background-position":"center center","background-size":"auto","background-attachment":"scroll","background-type":"","background-media":"","overlay-type":"","overlay-color":"","overlay-opacity":"","overlay-gradient":""},"tablet":{"background-color":"var(--ast-global-color-5)","background-image":"","background-repeat":"repeat","background-position":"center center","background-size":"auto","background-attachment":"scroll","background-type":"","background-media":"","overlay-type":"","overlay-color":"","overlay-opacity":"","overlay-gradient":""},"mobile":{"background-color":"var(--ast-global-color-5)","background-image":"","background-repeat":"repeat","background-position":"center center","background-size":"auto","background-attachment":"scroll","background-type":"","background-media":"","overlay-type":"","overlay-color":"","overlay-opacity":"","overlay-gradient":""}},"footnotes":""},"class_list":["post-342","page","type-page","status-publish","hentry"],"_links":{"self":[{"href":"https:\/\/uavh.fr\/index.php\/wp-json\/wp\/v2\/pages\/342","targetHints":{"allow":["GET"]}}],"collection":[{"href":"https:\/\/uavh.fr\/index.php\/wp-json\/wp\/v2\/pages"}],"about":[{"href":"https:\/\/uavh.fr\/index.php\/wp-json\/wp\/v2\/types\/page"}],"author":[{"embeddable":true,"href":"https:\/\/uavh.fr\/index.php\/wp-json\/wp\/v2\/users\/1"}],"replies":[{"embeddable":true,"href":"https:\/\/uavh.fr\/index.php\/wp-json\/wp\/v2\/comments?post=342"}],"version-history":[{"count":91,"href":"https:\/\/uavh.fr\/index.php\/wp-json\/wp\/v2\/pages\/342\/revisions"}],"predecessor-version":[{"id":929,"href":"https:\/\/uavh.fr\/index.php\/wp-json\/wp\/v2\/pages\/342\/revisions\/929"}],"wp:attachment":[{"href":"https:\/\/uavh.fr\/index.php\/wp-json\/wp\/v2\/media?parent=342"}],"curies":[{"name":"wp","href":"https:\/\/api.w.org\/{rel}","templated":true}]}}