{"id":1072,"date":"2025-01-27T20:44:17","date_gmt":"2025-01-27T19:44:17","guid":{"rendered":"https:\/\/pcqgdql.cluster023.hosting.ovh.net\/?page_id=1072"},"modified":"2025-08-08T10:31:19","modified_gmt":"2025-08-08T08:31:19","slug":"nos-evenements","status":"publish","type":"page","link":"https:\/\/uavh.fr\/index.php\/nos-evenements\/","title":{"rendered":"Nos \u00e9v\u00e9nements"},"content":{"rendered":"\t\t<div data-elementor-type=\"wp-page\" data-elementor-id=\"1072\" class=\"elementor elementor-1072\">\n\t\t\t\t<div class=\"elementor-element elementor-element-75dae49 e-flex e-con-boxed e-con e-parent\" data-id=\"75dae49\" data-element_type=\"container\">\n\t\t\t\t\t<div class=\"e-con-inner\">\n\t\t\t\t<div class=\"elementor-element elementor-element-0a023f3 elementor-widget elementor-widget-heading\" data-id=\"0a023f3\" data-element_type=\"widget\" data-widget_type=\"heading.default\">\n\t\t\t\t<div class=\"elementor-widget-container\">\n\t\t\t\t\t<h2 class=\"elementor-heading-title elementor-size-default\">Nos \u00e9v\u00e9nements<\/h2>\t\t\t\t<\/div>\n\t\t\t\t<\/div>\n\t\t\t\t\t<\/div>\n\t\t\t\t<\/div>\n\t\t<div class=\"elementor-element elementor-element-80292fa e-flex e-con-boxed e-con e-parent\" data-id=\"80292fa\" data-element_type=\"container\">\n\t\t\t\t\t<div class=\"e-con-inner\">\n\t\t\t\t<div class=\"elementor-element elementor-element-17eee79 elementor-widget elementor-widget-text-editor\" data-id=\"17eee79\" data-element_type=\"widget\" data-widget_type=\"text-editor.default\">\n\t\t\t\t<div class=\"elementor-widget-container\">\n\t\t\t\t\t\t\t\t\t<p>Depuis de nombreuses ann\u00e9es, l&#8217;UAVH Aubagne se distingue par l&#8217;organisation d&#8217;\u00e9v\u00e9nements sportifs couvrant diff\u00e9rentes disciplines de l&#8217;athl\u00e9tisme. Le club propose des comp\u00e9titions vari\u00e9es, allant de l&#8217;athl\u00e9tisme sur piste \u00e0 la marche nordique, en passant par des \u00e9preuves de demi-fond notamment via son cross. Ces rendez-vous sportifs, alliant convivialit\u00e9 et excellence, t\u00e9moignent de l&#8217;engagement de l&#8217;UAVH Aubagne \u00e0 promouvoir l\u2019athl\u00e9tisme sous toutes ses formes et \u00e0 rassembler sportifs amateurs et confirm\u00e9s autour de leurs passions communes.<\/p>\t\t\t\t\t\t\t\t<\/div>\n\t\t\t\t<\/div>\n\t\t\t\t\t<\/div>\n\t\t\t\t<\/div>\n\t\t<div class=\"elementor-element elementor-element-f639eb8 e-flex e-con-boxed e-con e-parent\" data-id=\"f639eb8\" data-element_type=\"container\">\n\t\t\t\t\t<div class=\"e-con-inner\">\n\t\t\t\t<div class=\"elementor-element elementor-element-00cbd4d elementor-widget elementor-widget-heading\" data-id=\"00cbd4d\" data-element_type=\"widget\" data-widget_type=\"heading.default\">\n\t\t\t\t<div class=\"elementor-widget-container\">\n\t\t\t\t\t<h4 class=\"elementor-heading-title elementor-size-default\">Le cross d'Aubagne<\/h4>\t\t\t\t<\/div>\n\t\t\t\t<\/div>\n\t\t\t\t\t<\/div>\n\t\t\t\t<\/div>\n\t\t<div class=\"elementor-element elementor-element-fe2fba1 e-flex e-con-boxed e-con e-parent\" data-id=\"fe2fba1\" data-element_type=\"container\">\n\t\t\t\t\t<div class=\"e-con-inner\">\n\t\t<div class=\"elementor-element elementor-element-1737108 e-con-full e-flex e-con e-child\" data-id=\"1737108\" data-element_type=\"container\">\n\t\t\t\t<div class=\"elementor-element elementor-element-2bb0daa elementor-widget elementor-widget-text-editor\" data-id=\"2bb0daa\" data-element_type=\"widget\" data-widget_type=\"text-editor.default\">\n\t\t\t\t<div class=\"elementor-widget-container\">\n\t\t\t\t\t\t\t\t\t<p>Organis\u00e9e par le club UAVH, cette course historique existe depuis 1987. Initialement connue sous le nom de \u00ab cross Volvic \u00bb, en r\u00e9f\u00e9rence \u00e0 son partenaire principal et officiel, Volvic, elle se d\u00e9roulait sur le site du complexe du Bras d\u2019Or.<\/p><p>En 1999, La Casamance est devenue le partenaire principal, et l\u2019\u00e9preuve a \u00e9t\u00e9 renomm\u00e9e \u00ab cross de la Casamance \u00bb. Depuis cette date, elle se tient dans le cadre du parc Jean Moulin.<\/p><p>Depuis 2020, et suite \u00e0 l\u2019\u00e9volution de ses partenariats, l\u2019\u00e9v\u00e9nement porte d\u00e9sormais le nom de \u00ab cross d\u2019Aubagne \u00bb. R\u00e9unissant chaque ann\u00e9e en moyenne 1 000 participants, \u00e2g\u00e9s de 7 \u00e0 plus de 60 ans, cette course au parcours vallonn\u00e9 mais accessible se tient au mois de novembre ce\u00a0 qui en fait l&#8217;une des premi\u00e8res comp\u00e9titions de la saison des cross.<\/p>\t\t\t\t\t\t\t\t<\/div>\n\t\t\t\t<\/div>\n\t\t\t\t<\/div>\n\t\t<div class=\"elementor-element elementor-element-0858f21 e-con-full e-flex e-con e-child\" data-id=\"0858f21\" data-element_type=\"container\">\n\t\t\t\t<div class=\"elementor-element elementor-element-abc56e4 elementor-widget elementor-widget-video\" data-id=\"abc56e4\" data-element_type=\"widget\" data-settings=\"{&quot;youtube_url&quot;:&quot;https:\\\/\\\/www.youtube.com\\\/watch?v=Vu6YffGybaU&quot;,&quot;video_type&quot;:&quot;youtube&quot;,&quot;controls&quot;:&quot;yes&quot;}\" data-widget_type=\"video.default\">\n\t\t\t\t<div class=\"elementor-widget-container\">\n\t\t\t\t\t\t\t<div class=\"elementor-wrapper elementor-open-inline\">\n\t\t\t<div class=\"elementor-video\"><\/div>\t\t<\/div>\n\t\t\t\t\t\t<\/div>\n\t\t\t\t<\/div>\n\t\t\t\t<\/div>\n\t\t\t\t\t<\/div>\n\t\t\t\t<\/div>\n\t\t<div class=\"elementor-element elementor-element-2be2f76 e-flex e-con-boxed e-con e-parent\" data-id=\"2be2f76\" data-element_type=\"container\">\n\t\t\t\t\t<div class=\"e-con-inner\">\n\t\t\t\t<div class=\"elementor-element elementor-element-92049e8 elementor-widget elementor-widget-heading\" data-id=\"92049e8\" data-element_type=\"widget\" data-widget_type=\"heading.default\">\n\t\t\t\t<div class=\"elementor-widget-container\">\n\t\t\t\t\t<h4 class=\"elementor-heading-title elementor-size-default\">L'Aubagnaise<\/h4>\t\t\t\t<\/div>\n\t\t\t\t<\/div>\n\t\t\t\t\t<\/div>\n\t\t\t\t<\/div>\n\t\t<div class=\"elementor-element elementor-element-fa2a421 e-flex e-con-boxed e-con e-parent\" data-id=\"fa2a421\" data-element_type=\"container\">\n\t\t\t\t\t<div class=\"e-con-inner\">\n\t\t<div class=\"elementor-element elementor-element-bda0419 e-con-full e-flex e-con e-child\" data-id=\"bda0419\" data-element_type=\"container\">\n\t\t\t\t<div class=\"elementor-element elementor-element-0a1615e elementor-widget elementor-widget-video\" data-id=\"0a1615e\" data-element_type=\"widget\" data-settings=\"{&quot;youtube_url&quot;:&quot;https:\\\/\\\/www.youtube.com\\\/watch?v=EdxcHY8EvDo&quot;,&quot;video_type&quot;:&quot;youtube&quot;,&quot;controls&quot;:&quot;yes&quot;}\" data-widget_type=\"video.default\">\n\t\t\t\t<div class=\"elementor-widget-container\">\n\t\t\t\t\t\t\t<div class=\"elementor-wrapper elementor-open-inline\">\n\t\t\t<div class=\"elementor-video\"><\/div>\t\t<\/div>\n\t\t\t\t\t\t<\/div>\n\t\t\t\t<\/div>\n\t\t\t\t<\/div>\n\t\t<div class=\"elementor-element elementor-element-b23ab01 e-con-full e-flex e-con e-child\" data-id=\"b23ab01\" data-element_type=\"container\">\n\t\t\t\t<div class=\"elementor-element elementor-element-162c6d1 elementor-widget elementor-widget-text-editor\" data-id=\"162c6d1\" data-element_type=\"widget\" data-widget_type=\"text-editor.default\">\n\t\t\t\t<div class=\"elementor-widget-container\">\n\t\t\t\t\t\t\t\t\t<p>Depuis 2018, L&#8217;Aubagnaise, rendez-vous incontournable de la marche nordique, anime la ville d&#8217;Aubagne chaque mois d&#8217;octobre. Cet \u00e9v\u00e9nement, \u00e0 la fois sportif et convivial, rassemble en moyenne 200 participants, s\u00e9duisant aussi bien les amateurs que les sportifs aguerris gr\u00e2ce \u00e0 son format vari\u00e9 et accessible.<\/p><p>Trois \u00e9preuves sont propos\u00e9es pour r\u00e9pondre \u00e0 toutes les envies : La marche &#8220;loisir<strong>&#8220;<\/strong> (5 km), la course &#8220;open&#8221; (7,5 km), le &#8220;challenge Marche Nordique Tour&#8221;.<\/p><p>L\u2019Aubagnaise est ainsi devenue un rendez-vous annuel pris\u00e9, m\u00ealant sport, convivialit\u00e9 et d\u00e9fi personnel au c\u0153ur d\u2019Aubagne.<\/p>\t\t\t\t\t\t\t\t<\/div>\n\t\t\t\t<\/div>\n\t\t\t\t<\/div>\n\t\t\t\t\t<\/div>\n\t\t\t\t<\/div>\n\t\t<div class=\"elementor-element elementor-element-e184706 e-flex e-con-boxed e-con e-parent\" data-id=\"e184706\" data-element_type=\"container\">\n\t\t\t\t\t<div class=\"e-con-inner\">\n\t\t\t\t<div class=\"elementor-element elementor-element-91c3fb4 elementor-widget elementor-widget-heading\" data-id=\"91c3fb4\" data-element_type=\"widget\" data-widget_type=\"heading.default\">\n\t\t\t\t<div class=\"elementor-widget-container\">\n\t\t\t\t\t<h4 class=\"elementor-heading-title elementor-size-default\">Meeting de l'Ascension<\/h4>\t\t\t\t<\/div>\n\t\t\t\t<\/div>\n\t\t\t\t\t<\/div>\n\t\t\t\t<\/div>\n\t\t<div class=\"elementor-element elementor-element-bc259f7 e-flex e-con-boxed e-con e-parent\" data-id=\"bc259f7\" data-element_type=\"container\">\n\t\t\t\t\t<div class=\"e-con-inner\">\n\t\t<div class=\"elementor-element elementor-element-169724e e-con-full e-flex e-con e-child\" data-id=\"169724e\" data-element_type=\"container\">\n\t\t\t\t<div class=\"elementor-element elementor-element-7150174 elementor-widget elementor-widget-text-editor\" data-id=\"7150174\" data-element_type=\"widget\" data-widget_type=\"text-editor.default\">\n\t\t\t\t<div class=\"elementor-widget-container\">\n\t\t\t\t\t\t\t\t\t<p>Chaque ann\u00e9e, \u00e0 l&#8217;occasion du jeudi de l&#8217;Ascension, l&#8217;UAVH Aubagne organise depuis 15 ans un meeting d&#8217;athl\u00e9tisme sur sa piste r\u00e9put\u00e9e pour sa rapidit\u00e9.<\/p><p>Cet \u00e9v\u00e9nement incontournable propose un programme complet, couvrant toutes les \u00e9preuves de sauts, de lancers (hors marteau) ainsi que les courses, du 100 m au 1500 m, haies incluses.<\/p><p>Ce rendez-vous annuel rassemble des athl\u00e8tes de tous niveaux et se positionne id\u00e9alement dans le calendrier pour se jauger avant les premiers championnats.<\/p>\t\t\t\t\t\t\t\t<\/div>\n\t\t\t\t<\/div>\n\t\t\t\t<\/div>\n\t\t<div class=\"elementor-element elementor-element-9032847 e-con-full e-flex e-con e-child\" data-id=\"9032847\" data-element_type=\"container\">\n\t\t\t\t<div class=\"elementor-element elementor-element-9c26f67 elementor-arrows-position-inside elementor-pagination-position-outside elementor-widget elementor-widget-image-carousel\" data-id=\"9c26f67\" data-element_type=\"widget\" data-settings=\"{&quot;slides_to_show&quot;:&quot;1&quot;,&quot;navigation&quot;:&quot;both&quot;,&quot;autoplay&quot;:&quot;yes&quot;,&quot;pause_on_hover&quot;:&quot;yes&quot;,&quot;pause_on_interaction&quot;:&quot;yes&quot;,&quot;autoplay_speed&quot;:5000,&quot;infinite&quot;:&quot;yes&quot;,&quot;effect&quot;:&quot;slide&quot;,&quot;speed&quot;:500}\" data-widget_type=\"image-carousel.default\">\n\t\t\t\t<div class=\"elementor-widget-container\">\n\t\t\t\t\t\t\t<div class=\"elementor-image-carousel-wrapper swiper\" role=\"region\" aria-roledescription=\"carousel\" aria-label=\"Carrousel d\u2019images\" dir=\"ltr\">\n\t\t\t<div class=\"elementor-image-carousel swiper-wrapper\" aria-live=\"off\">\n\t\t\t\t\t\t\t\t<div class=\"swiper-slide\" role=\"group\" aria-roledescription=\"slide\" aria-label=\"1 sur 1\"><figure class=\"swiper-slide-inner\"><img decoding=\"async\" class=\"swiper-slide-image\" src=\"https:\/\/uavh.fr\/wp-content\/uploads\/2025\/08\/illustration-meeting-ascencion-1-768x512.jpg\" alt=\"illustration-meeting-ascencion-1\" \/><\/figure><\/div>\t\t\t<\/div>\n\t\t\t\t\t<\/div>\n\t\t\t\t\t\t<\/div>\n\t\t\t\t<\/div>\n\t\t\t\t<\/div>\n\t\t\t\t\t<\/div>\n\t\t\t\t<\/div>\n\t\t<div class=\"elementor-element elementor-element-bb50614 e-flex e-con-boxed e-con e-parent\" data-id=\"bb50614\" data-element_type=\"container\">\n\t\t\t\t\t<div class=\"e-con-inner\">\n\t\t\t\t<div class=\"elementor-element elementor-element-17ce0fe elementor-widget elementor-widget-heading\" data-id=\"17ce0fe\" data-element_type=\"widget\" data-widget_type=\"heading.default\">\n\t\t\t\t<div class=\"elementor-widget-container\">\n\t\t\t\t\t<h4 class=\"elementor-heading-title elementor-size-default\">Meeting estivaux<\/h4>\t\t\t\t<\/div>\n\t\t\t\t<\/div>\n\t\t\t\t\t<\/div>\n\t\t\t\t<\/div>\n\t\t<div class=\"elementor-element elementor-element-27be565 e-flex e-con-boxed e-con e-parent\" data-id=\"27be565\" data-element_type=\"container\">\n\t\t\t\t\t<div class=\"e-con-inner\">\n\t\t<div class=\"elementor-element elementor-element-eea8a38 e-con-full e-flex e-con e-child\" data-id=\"eea8a38\" data-element_type=\"container\">\n\t\t\t\t<div class=\"elementor-element elementor-element-aaa3539 elementor-arrows-position-inside elementor-pagination-position-outside elementor-widget elementor-widget-image-carousel\" data-id=\"aaa3539\" data-element_type=\"widget\" data-settings=\"{&quot;slides_to_show&quot;:&quot;1&quot;,&quot;autoplay_speed&quot;:3000,&quot;speed&quot;:1000,&quot;navigation&quot;:&quot;both&quot;,&quot;autoplay&quot;:&quot;yes&quot;,&quot;pause_on_hover&quot;:&quot;yes&quot;,&quot;pause_on_interaction&quot;:&quot;yes&quot;,&quot;infinite&quot;:&quot;yes&quot;,&quot;effect&quot;:&quot;slide&quot;}\" data-widget_type=\"image-carousel.default\">\n\t\t\t\t<div class=\"elementor-widget-container\">\n\t\t\t\t\t\t\t<div class=\"elementor-image-carousel-wrapper swiper\" role=\"region\" aria-roledescription=\"carousel\" aria-label=\"Carrousel d\u2019images\" dir=\"ltr\">\n\t\t\t<div class=\"elementor-image-carousel swiper-wrapper\" aria-live=\"off\">\n\t\t\t\t\t\t\t\t<div class=\"swiper-slide\" role=\"group\" aria-roledescription=\"slide\" aria-label=\"1 sur 5\"><figure class=\"swiper-slide-inner\"><img decoding=\"async\" class=\"swiper-slide-image\" src=\"https:\/\/uavh.fr\/wp-content\/uploads\/2025\/08\/illustration-meeting-soiree-768x404.jpg\" alt=\"illustration-meeting-soiree\" \/><\/figure><\/div><div class=\"swiper-slide\" role=\"group\" aria-roledescription=\"slide\" aria-label=\"2 sur 5\"><figure class=\"swiper-slide-inner\"><img decoding=\"async\" class=\"swiper-slide-image\" src=\"https:\/\/uavh.fr\/wp-content\/uploads\/2025\/08\/illustration-meeting-soiree-3-768x512.jpg\" alt=\"illustration-meeting-soiree-3\" \/><\/figure><\/div><div class=\"swiper-slide\" role=\"group\" aria-roledescription=\"slide\" aria-label=\"3 sur 5\"><figure class=\"swiper-slide-inner\"><img decoding=\"async\" class=\"swiper-slide-image\" src=\"https:\/\/uavh.fr\/wp-content\/uploads\/2025\/08\/illustration-meeting-soiree-4-768x512.jpg\" alt=\"illustration-meeting-soiree-4\" \/><\/figure><\/div><div class=\"swiper-slide\" role=\"group\" aria-roledescription=\"slide\" aria-label=\"4 sur 5\"><figure class=\"swiper-slide-inner\"><img decoding=\"async\" class=\"swiper-slide-image\" src=\"https:\/\/uavh.fr\/wp-content\/uploads\/2025\/08\/illustration-meeting-soiree-5-768x512.jpg\" alt=\"illustration-meeting-soiree-5\" \/><\/figure><\/div><div class=\"swiper-slide\" role=\"group\" aria-roledescription=\"slide\" aria-label=\"5 sur 5\"><figure class=\"swiper-slide-inner\"><img decoding=\"async\" class=\"swiper-slide-image\" src=\"https:\/\/uavh.fr\/wp-content\/uploads\/2025\/08\/illustration-meeting-soiree-6-768x512.jpg\" alt=\"illustration-meeting-soiree-6\" \/><\/figure><\/div>\t\t\t<\/div>\n\t\t\t\t\t\t\t\t\t\t\t\t<div class=\"elementor-swiper-button elementor-swiper-button-prev\" role=\"button\" tabindex=\"0\">\n\t\t\t\t\t\t<svg aria-hidden=\"true\" class=\"e-font-icon-svg e-eicon-chevron-left\" viewBox=\"0 0 1000 1000\" xmlns=\"http:\/\/www.w3.org\/2000\/svg\"><path d=\"M646 125C629 125 613 133 604 142L308 442C296 454 292 471 292 487 292 504 296 521 308 533L604 854C617 867 629 875 646 875 663 875 679 871 692 858 704 846 713 829 713 812 713 796 708 779 692 767L438 487 692 225C700 217 708 204 708 187 708 171 704 154 692 142 675 129 663 125 646 125Z\"><\/path><\/svg>\t\t\t\t\t<\/div>\n\t\t\t\t\t<div class=\"elementor-swiper-button elementor-swiper-button-next\" role=\"button\" tabindex=\"0\">\n\t\t\t\t\t\t<svg aria-hidden=\"true\" class=\"e-font-icon-svg e-eicon-chevron-right\" viewBox=\"0 0 1000 1000\" xmlns=\"http:\/\/www.w3.org\/2000\/svg\"><path d=\"M696 533C708 521 713 504 713 487 713 471 708 454 696 446L400 146C388 133 375 125 354 125 338 125 325 129 313 142 300 154 292 171 292 187 292 204 296 221 308 233L563 492 304 771C292 783 288 800 288 817 288 833 296 850 308 863 321 871 338 875 354 875 371 875 388 867 400 854L696 533Z\"><\/path><\/svg>\t\t\t\t\t<\/div>\n\t\t\t\t\n\t\t\t\t\t\t\t\t\t<div class=\"swiper-pagination\"><\/div>\n\t\t\t\t\t\t\t\t\t<\/div>\n\t\t\t\t\t\t<\/div>\n\t\t\t\t<\/div>\n\t\t\t\t<\/div>\n\t\t<div class=\"elementor-element elementor-element-beb8a35 e-con-full e-flex e-con e-child\" data-id=\"beb8a35\" data-element_type=\"container\" data-settings=\"{&quot;background_background&quot;:&quot;slideshow&quot;,&quot;background_slideshow_slide_duration&quot;:3000,&quot;background_slideshow_transition_duration&quot;:1000,&quot;background_slideshow_gallery&quot;:[],&quot;background_slideshow_loop&quot;:&quot;yes&quot;,&quot;background_slideshow_slide_transition&quot;:&quot;fade&quot;}\">\n\t\t\t\t<div class=\"elementor-element elementor-element-5175cb7 elementor-widget elementor-widget-text-editor\" data-id=\"5175cb7\" data-element_type=\"widget\" data-widget_type=\"text-editor.default\">\n\t\t\t\t<div class=\"elementor-widget-container\">\n\t\t\t\t\t\t\t\t\t<p data-start=\"157\" data-end=\"312\">Chaque ann\u00e9e, en juin ou juillet, notre club organise son meeting estival en soir\u00e9e.<\/p><p data-start=\"314\" data-end=\"585\">Ce meeting, souvent l\u2019un des derniers de la saison pour tenter de r\u00e9aliser les minima de qualification aux championnats nationaux, attire des athl\u00e8tes motiv\u00e9s venus chercher leur performance de r\u00e9f\u00e9rence\u2026 ou battre leur record personnel sous les projecteurs du soir !<\/p><p data-start=\"587\" data-end=\"937\">\u00c0 chaque \u00e9dition, nous proposons un panel d\u2019\u00e9preuves s\u00e9lectionn\u00e9es parmi les disciplines du saut, du sprint, des haies et du demi-fond, avec un programme qui varie d\u2019ann\u00e9e en ann\u00e9e. De quoi offrir \u00e0 chacun une opportunit\u00e9 de s\u2019exprimer sur sa sp\u00e9cialit\u00e9, dans une ambiance \u00e0 la fois conviviale et tourn\u00e9e vers la performance.<\/p>\t\t\t\t\t\t\t\t<\/div>\n\t\t\t\t<\/div>\n\t\t\t\t<\/div>\n\t\t\t\t\t<\/div>\n\t\t\t\t<\/div>\n\t\t\t\t<\/div>\n\t\t","protected":false},"excerpt":{"rendered":"<p>Nos \u00e9v\u00e9nements Depuis de nombreuses ann\u00e9es, l&#8217;UAVH Aubagne se distingue par l&#8217;organisation d&#8217;\u00e9v\u00e9nements sportifs couvrant diff\u00e9rentes disciplines de l&#8217;athl\u00e9tisme. Le [&hellip;]<\/p>\n","protected":false},"author":1,"featured_media":0,"parent":0,"menu_order":0,"comment_status":"closed","ping_status":"closed","template":"","meta":{"_eb_attr":"","site-sidebar-layout":"no-sidebar","site-content-layout":"","ast-site-content-layout":"full-width-container","site-content-style":"default","site-sidebar-style":"default","ast-global-header-display":"","ast-banner-title-visibility":"","ast-main-header-display":"","ast-hfb-above-header-display":"","ast-hfb-below-header-display":"","ast-hfb-mobile-header-display":"","site-post-title":"disabled","ast-breadcrumbs-content":"","ast-featured-img":"disabled","footer-sml-layout":"","theme-transparent-header-meta":"","adv-header-id-meta":"","stick-header-meta":"","header-above-stick-meta":"","header-main-stick-meta":"","header-below-stick-meta":"","astra-migrate-meta-layouts":"default","ast-page-background-enabled":"default","ast-page-background-meta":{"desktop":{"background-color":"var(--ast-global-color-4)","background-image":"","background-repeat":"repeat","background-position":"center center","background-size":"auto","background-attachment":"scroll","background-type":"","background-media":"","overlay-type":"","overlay-color":"","overlay-opacity":"","overlay-gradient":""},"tablet":{"background-color":"","background-image":"","background-repeat":"repeat","background-position":"center center","background-size":"auto","background-attachment":"scroll","background-type":"","background-media":"","overlay-type":"","overlay-color":"","overlay-opacity":"","overlay-gradient":""},"mobile":{"background-color":"","background-image":"","background-repeat":"repeat","background-position":"center center","background-size":"auto","background-attachment":"scroll","background-type":"","background-media":"","overlay-type":"","overlay-color":"","overlay-opacity":"","overlay-gradient":""}},"ast-content-background-meta":{"desktop":{"background-color":"var(--ast-global-color-5)","background-image":"","background-repeat":"repeat","background-position":"center center","background-size":"auto","background-attachment":"scroll","background-type":"","background-media":"","overlay-type":"","overlay-color":"","overlay-opacity":"","overlay-gradient":""},"tablet":{"background-color":"var(--ast-global-color-5)","background-image":"","background-repeat":"repeat","background-position":"center center","background-size":"auto","background-attachment":"scroll","background-type":"","background-media":"","overlay-type":"","overlay-color":"","overlay-opacity":"","overlay-gradient":""},"mobile":{"background-color":"var(--ast-global-color-5)","background-image":"","background-repeat":"repeat","background-position":"center center","background-size":"auto","background-attachment":"scroll","background-type":"","background-media":"","overlay-type":"","overlay-color":"","overlay-opacity":"","overlay-gradient":""}},"footnotes":""},"class_list":["post-1072","page","type-page","status-publish","hentry"],"_links":{"self":[{"href":"https:\/\/uavh.fr\/index.php\/wp-json\/wp\/v2\/pages\/1072","targetHints":{"allow":["GET"]}}],"collection":[{"href":"https:\/\/uavh.fr\/index.php\/wp-json\/wp\/v2\/pages"}],"about":[{"href":"https:\/\/uavh.fr\/index.php\/wp-json\/wp\/v2\/types\/page"}],"author":[{"embeddable":true,"href":"https:\/\/uavh.fr\/index.php\/wp-json\/wp\/v2\/users\/1"}],"replies":[{"embeddable":true,"href":"https:\/\/uavh.fr\/index.php\/wp-json\/wp\/v2\/comments?post=1072"}],"version-history":[{"count":26,"href":"https:\/\/uavh.fr\/index.php\/wp-json\/wp\/v2\/pages\/1072\/revisions"}],"predecessor-version":[{"id":1415,"href":"https:\/\/uavh.fr\/index.php\/wp-json\/wp\/v2\/pages\/1072\/revisions\/1415"}],"wp:attachment":[{"href":"https:\/\/uavh.fr\/index.php\/wp-json\/wp\/v2\/media?parent=1072"}],"curies":[{"name":"wp","href":"https:\/\/api.w.org\/{rel}","templated":true}]}}